[INFO] fetching crate async-raft 0.5.0...
[INFO] checking async-raft-0.5.0 against try#72f88fc4e9458f89516a0b8b0868f3718aec5b47 for pr-74989
[INFO] extracting crate async-raft 0.5.0 into /workspace/builds/worker-7/source
[INFO] validating manifest of crates.io crate async-raft 0.5.0 on toolchain 72f88fc4e9458f89516a0b8b0868f3718aec5b47
[INFO] running `Command { std: "/workspace/cargo-home/bin/cargo" "+72f88fc4e9458f89516a0b8b0868f3718aec5b47" "read-manifest" "--manifest-path" "Cargo.toml", kill_on_drop: false }`
[INFO] started tweaking crates.io crate async-raft 0.5.0
[INFO] finished tweaking crates.io crate async-raft 0.5.0
[INFO] tweaked toml for crates.io crate async-raft 0.5.0 written to /workspace/builds/worker-7/source/Cargo.toml
[INFO] running `Command { std: "/workspace/cargo-home/bin/cargo" "+72f88fc4e9458f89516a0b8b0868f3718aec5b47" "generate-lockfile" "--manifest-path" "Cargo.toml" "-Zno-index-update", kill_on_drop: false }`
[INFO] running `Command { std: "/workspace/cargo-home/bin/cargo" "+72f88fc4e9458f89516a0b8b0868f3718aec5b47" "fetch" "--locked" "--manifest-path" "Cargo.toml", kill_on_drop: false }`
[INFO] [stderr]  Downloading crates ...
[INFO] [stderr]   Downloaded async-raft v0.5.0
[INFO] [stderr]   Downloaded memstore v0.1.0
[INFO] running `Command { std: "docker" "create" "-v" "/var/lib/crater-agent-workspace/builds/worker-7/target:/opt/rustwide/target:rw,Z" "-v" "/var/lib/crater-agent-workspace/builds/worker-7/source:/opt/rustwide/workdir:ro,Z" "-v" "/var/lib/crater-agent-workspace/cargo-home:/opt/rustwide/cargo-home:ro,Z" "-v" "/var/lib/crater-agent-workspace/rustup-home:/opt/rustwide/rustup-home:ro,Z" "-e" "SOURCE_DIR=/opt/rustwide/workdir" "-e" "CARGO_TARGET_DIR=/opt/rustwide/target" "-e" "CARGO_HOME=/opt/rustwide/cargo-home" "-e" "RUSTUP_HOME=/opt/rustwide/rustup-home" "-w" "/opt/rustwide/workdir" "-m" "1610612736" "--user" "0:0" "--network" "none" "rustops/crates-build-env@sha256:d92eaeed33fa75130ca1ee6c8a01d1ffb62bac859dfdfb3450e3e5d1c0146529" "/opt/rustwide/cargo-home/bin/cargo" "+72f88fc4e9458f89516a0b8b0868f3718aec5b47" "metadata" "--no-deps" "--format-version=1", kill_on_drop: false }`
[INFO] [stdout] 23ee0527c99b70f1eb260c3094674fffda3b806d398721a6d3bd2d94ebb1421f
[INFO] [stderr] WARNING: Your kernel does not support swap limit capabilities or the cgroup is not mounted. Memory limited without swap.
[INFO] running `Command { std: "docker" "start" "-a" "23ee0527c99b70f1eb260c3094674fffda3b806d398721a6d3bd2d94ebb1421f", kill_on_drop: false }`
[INFO] running `Command { std: "docker" "inspect" "23ee0527c99b70f1eb260c3094674fffda3b806d398721a6d3bd2d94ebb1421f", kill_on_drop: false }`
[INFO] running `Command { std: "docker" "rm" "-f" "23ee0527c99b70f1eb260c3094674fffda3b806d398721a6d3bd2d94ebb1421f", kill_on_drop: false }`
[INFO] [stdout] 23ee0527c99b70f1eb260c3094674fffda3b806d398721a6d3bd2d94ebb1421f
[INFO] running `Command { std: "docker" "create" "-v" "/var/lib/crater-agent-workspace/builds/worker-7/target:/opt/rustwide/target:rw,Z" "-v" "/var/lib/crater-agent-workspace/builds/worker-7/source:/opt/rustwide/workdir:ro,Z" "-v" "/var/lib/crater-agent-workspace/cargo-home:/opt/rustwide/cargo-home:ro,Z" "-v" "/var/lib/crater-agent-workspace/rustup-home:/opt/rustwide/rustup-home:ro,Z" "-e" "SOURCE_DIR=/opt/rustwide/workdir" "-e" "CARGO_TARGET_DIR=/opt/rustwide/target" "-e" "CARGO_INCREMENTAL=0" "-e" "RUST_BACKTRACE=full" "-e" "RUSTFLAGS=--cap-lints=forbid" "-e" "CARGO_HOME=/opt/rustwide/cargo-home" "-e" "RUSTUP_HOME=/opt/rustwide/rustup-home" "-w" "/opt/rustwide/workdir" "-m" "1610612736" "--user" "0:0" "--network" "none" "rustops/crates-build-env@sha256:d92eaeed33fa75130ca1ee6c8a01d1ffb62bac859dfdfb3450e3e5d1c0146529" "/opt/rustwide/cargo-home/bin/cargo" "+72f88fc4e9458f89516a0b8b0868f3718aec5b47" "check" "--frozen" "--all" "--all-targets" "--message-format=json", kill_on_drop: false }`
[INFO] [stdout] 7cd2578e8dea07a9fdf575097bd53c4ac2132ddd48828f7d5437f9886eb851ec
[INFO] [stderr] WARNING: Your kernel does not support swap limit capabilities or the cgroup is not mounted. Memory limited without swap.
[INFO] running `Command { std: "docker" "start" "-a" "7cd2578e8dea07a9fdf575097bd53c4ac2132ddd48828f7d5437f9886eb851ec", kill_on_drop: false }`
[INFO] [stderr]    Compiling autocfg v1.0.1
[INFO] [stderr]     Checking cfg-if v0.1.10
[INFO] [stderr]    Compiling proc-macro2 v1.0.21
[INFO] [stderr]    Compiling unicode-xid v0.2.1
[INFO] [stderr]     Checking lazy_static v1.4.0
[INFO] [stderr]    Compiling syn v1.0.40
[INFO] [stderr]    Compiling maybe-uninit v2.0.0
[INFO] [stderr]    Compiling log v0.4.11
[INFO] [stderr]    Compiling byteorder v1.3.4
[INFO] [stderr]    Compiling semver-parser v0.7.0
[INFO] [stderr]     Checking futures v0.1.29
[INFO] [stderr]     Checking scopeguard v1.1.0
[INFO] [stderr]     Checking fnv v1.0.7
[INFO] [stderr]    Compiling pin-project-internal v0.4.23
[INFO] [stderr]    Compiling serde_derive v1.0.116
[INFO] [stderr]    Compiling getrandom v0.1.15
[INFO] [stderr]    Compiling proc-macro-nested v0.1.6
[INFO] [stderr]    Compiling serde v1.0.116
[INFO] [stderr]     Checking futures-core v0.3.5
[INFO] [stderr]    Compiling proc-macro-hack v0.5.18
[INFO] [stderr]     Checking once_cell v1.4.1
[INFO] [stderr]     Checking futures-sink v0.3.5
[INFO] [stderr]     Checking futures-io v0.3.5
[INFO] [stderr]     Checking ppv-lite86 v0.2.9
[INFO] [stderr]    Compiling ryu v1.0.5
[INFO] [stderr]    Compiling anyhow v1.0.32
[INFO] [stderr]     Checking pin-project-lite v0.1.7
[INFO] [stderr]     Checking bytes v0.5.6
[INFO] [stderr]    Compiling serde_json v1.0.57
[INFO] [stderr]     Checking regex-syntax v0.6.18
[INFO] [stderr]     Checking itoa v0.4.6
[INFO] [stderr]     Checking smallvec v1.4.2
[INFO] [stderr]     Checking ansi_term v0.12.1
[INFO] [stderr]     Checking maplit v1.0.2
[INFO] [stderr]     Checking lock_api v0.3.4
[INFO] [stderr]     Checking tracing-core v0.1.16
[INFO] [stderr]     Checking sharded-slab v0.0.9
[INFO] [stderr]     Checking thread_local v1.0.1
[INFO] [stderr]     Checking futures-task v0.3.5
[INFO] [stderr]     Checking futures-channel v0.3.5
[INFO] [stderr]    Compiling semver v0.9.0
[INFO] [stderr]     Checking iovec v0.1.4
[INFO] [stderr]     Checking net2 v0.2.35
[INFO] [stderr]     Checking time v0.1.44
[INFO] [stderr]    Compiling crossbeam-utils v0.7.2
[INFO] [stderr]    Compiling memoffset v0.5.5
[INFO] [stderr]    Compiling crossbeam-epoch v0.8.2
[INFO] [stderr]    Compiling num-traits v0.2.12
[INFO] [stderr]    Compiling num-integer v0.1.43
[INFO] [stderr]     Checking smallvec v0.6.13
[INFO] [stderr]     Checking rand_core v0.5.1
[INFO] [stderr]    Compiling rustc_version v0.2.3
[INFO] [stderr]     Checking tracing-log v0.1.1
[INFO] [stderr]     Checking mio v0.6.22
[INFO] [stderr]     Checking rand_chacha v0.2.2
[INFO] [stderr]    Compiling quote v1.0.7
[INFO] [stderr]    Compiling parking_lot_core v0.6.2
[INFO] [stderr]    Compiling parking_lot v0.9.0
[INFO] [stderr]     Checking bytes v0.4.12
[INFO] [stderr]     Checking mio-uds v0.6.8
[INFO] [stderr]     Checking rand v0.7.3
[INFO] [stderr]     Checking crossbeam-queue v0.2.3
[INFO] [stderr]     Checking tokio-executor v0.1.10
[INFO] [stderr]     Checking tokio-sync v0.1.8
[INFO] [stderr]     Checking tokio-io v0.1.13
[INFO] [stderr]     Checking crossbeam-deque v0.7.3
[INFO] [stderr]     Checking tokio-timer v0.2.13
[INFO] [stderr]     Checking tokio-current-thread v0.1.7
[INFO] [stderr]     Checking tokio-threadpool v0.1.18
[INFO] [stderr]     Checking tokio-reactor v0.1.12
[INFO] [stderr]     Checking tokio-codec v0.1.2
[INFO] [stderr]     Checking tokio-udp v0.1.6
[INFO] [stderr]     Checking tokio-uds v0.2.7
[INFO] [stderr]     Checking tokio-tcp v0.1.4
[INFO] [stderr]     Checking chrono v0.4.15
[INFO] [stderr]     Checking tokio-fs v0.1.7
[INFO] [stderr]     Checking regex-automata v0.1.9
[INFO] [stderr]     Checking regex v1.3.9
[INFO] [stderr]     Checking tokio v0.1.22
[INFO] [stderr]     Checking matchers v0.0.1
[INFO] [stderr]    Compiling futures-macro v0.3.5
[INFO] [stderr]    Compiling tracing-attributes v0.1.11
[INFO] [stderr]    Compiling thiserror-impl v1.0.20
[INFO] [stderr]    Compiling tokio-macros v0.2.5
[INFO] [stderr]    Compiling derive_more v0.99.10
[INFO] [stderr]    Compiling async-trait v0.1.40
[INFO] [stderr]     Checking tokio v0.2.22
[INFO] [stderr]     Checking tracing v0.1.19
[INFO] [stderr]     Checking thiserror v1.0.20
[INFO] [stderr]     Checking pin-project v0.4.23
[INFO] [stderr]     Checking futures-util v0.3.5
[INFO] [stderr]     Checking tracing-futures v0.2.4
[INFO] [stderr]     Checking futures-executor v0.3.5
[INFO] [stderr]     Checking futures v0.3.5
[INFO] [stderr]     Checking tracing-serde v0.1.2
[INFO] [stderr]     Checking async-raft v0.5.0
[INFO] [stderr]     Checking async-raft v0.5.0 (/opt/rustwide/workdir)
[INFO] [stderr]     Checking tracing-subscriber v0.2.12
[INFO] [stderr]     Checking memstore v0.1.0
[INFO] [stdout] error[E0277]: the trait bound `ClientRequest: AppData` is not satisfied
[INFO] [stdout]   --> tests/fixtures/mod.rs:44:20
[INFO] [stdout]    |
[INFO] [stdout] 44 |     routing_table: RwLock<BTreeMap<NodeId, (MemRaft, Arc<MemStore>)>>,
[INFO] [stdout]    |                    ^^^^^^^^^^^^^^^^^^^^^^^^^^^^^^^^^^^^^^^^^^^^^^^^^^ the trait `AppData` is not implemented for `ClientRequest`
[INFO] [stdout]    | 
[INFO] [stdout]   ::: /opt/rustwide/workdir/src/raft.rs:34:20
[INFO] [stdout]    |
[INFO] [stdout] 34 | pub struct Raft<D: AppData, R: AppDataResponse, N: RaftNetwork<D>, S: RaftStorage<D, R>> {
[INFO] [stdout]    |                    ------- required by this bound in `Raft`
[INFO] [stdout] 
[INFO] [stdout] 
[INFO] [stdout] error[E0277]: the trait bound `ClientResponse: AppDataResponse` is not satisfied
[INFO] [stdout]   --> tests/fixtures/mod.rs:44:20
[INFO] [stdout]    |
[INFO] [stdout] 44 |     routing_table: RwLock<BTreeMap<NodeId, (MemRaft, Arc<MemStore>)>>,
[INFO] [stdout]    |                    ^^^^^^^^^^^^^^^^^^^^^^^^^^^^^^^^^^^^^^^^^^^^^^^^^^ the trait `AppDataResponse` is not implemented for `ClientResponse`
[INFO] [stdout]    | 
[INFO] [stdout]   ::: /opt/rustwide/workdir/src/raft.rs:34:32
[INFO] [stdout]    |
[INFO] [stdout] 34 | pub struct Raft<D: AppData, R: AppDataResponse, N: RaftNetwork<D>, S: RaftStorage<D, R>> {
[INFO] [stdout]    |                                --------------- required by this bound in `Raft`
[INFO] [stdout] 
[INFO] [stdout] 
[INFO] [stdout] error[E0277]: the trait bound `ClientRequest: AppData` is not satisfied
[INFO] [stdout]   --> tests/fixtures/mod.rs:44:20
[INFO] [stdout]    |
[INFO] [stdout] 44 |     routing_table: RwLock<BTreeMap<NodeId, (MemRaft, Arc<MemStore>)>>,
[INFO] [stdout]    |                    ^^^^^^^^^^^^^^^^^^^^^^^^^^^^^^^^^^^^^^^^^^^^^^^^^^ the trait `AppData` is not implemented for `ClientRequest`
[INFO] [stdout]    | 
[INFO] [stdout]   ::: /opt/rustwide/workdir/src/raft.rs:34:20
[INFO] [stdout]    |
[INFO] [stdout] 34 | pub struct Raft<D: AppData, R: AppDataResponse, N: RaftNetwork<D>, S: RaftStorage<D, R>> {
[INFO] [stdout]    |                    ------- required by this bound in `Raft`
[INFO] [stdout] 
[INFO] [stdout] 
[INFO] [stdout] error[E0277]: the trait bound `MemStore: async_raft::RaftStorage<ClientRequest, ClientResponse>` is not satisfied
[INFO] [stdout]   --> tests/fixtures/mod.rs:44:20
[INFO] [stdout]    |
[INFO] [stdout] 44 |     routing_table: RwLock<BTreeMap<NodeId, (MemRaft, Arc<MemStore>)>>,
[INFO] [stdout]    |                    ^^^^^^^^^^^^^^^^^^^^^^^^^^^^^^^^^^^^^^^^^^^^^^^^^^ the trait `async_raft::RaftStorage<ClientRequest, ClientResponse>` is not implemented for `MemStore`
[INFO] [stdout]    | 
[INFO] [stdout]   ::: /opt/rustwide/workdir/src/raft.rs:34:71
[INFO] [stdout]    |
[INFO] [stdout] 34 | pub struct Raft<D: AppData, R: AppDataResponse, N: RaftNetwork<D>, S: RaftStorage<D, R>> {
[INFO] [stdout]    |                                                                       ----------------- required by this bound in `Raft`
[INFO] [stdout] 
[INFO] [stdout] 
[INFO] [stdout] error[E0277]: the trait bound `ClientRequest: AppData` is not satisfied
[INFO] [stdout]   --> tests/fixtures/mod.rs:44:20
[INFO] [stdout]    |
[INFO] [stdout] 44 |     routing_table: RwLock<BTreeMap<NodeId, (MemRaft, Arc<MemStore>)>>,
[INFO] [stdout]    |                    ^^^^^^^^^^^^^^^^^^^^^^^^^^^^^^^^^^^^^^^^^^^^^^^^^^ the trait `AppData` is not implemented for `ClientRequest`
[INFO] [stdout]    | 
[INFO] [stdout]   ::: /opt/rustwide/workdir/src/raft.rs:34:20
[INFO] [stdout]    |
[INFO] [stdout] 34 | pub struct Raft<D: AppData, R: AppDataResponse, N: RaftNetwork<D>, S: RaftStorage<D, R>> {
[INFO] [stdout]    |                    ------- required by this bound in `Raft`
[INFO] [stdout] 
[INFO] [stdout] 
[INFO] [stdout] error[E0277]: the trait bound `ClientResponse: AppDataResponse` is not satisfied
[INFO] [stdout]   --> tests/fixtures/mod.rs:44:20
[INFO] [stdout]    |
[INFO] [stdout] 44 |     routing_table: RwLock<BTreeMap<NodeId, (MemRaft, Arc<MemStore>)>>,
[INFO] [stdout]    |                    ^^^^^^^^^^^^^^^^^^^^^^^^^^^^^^^^^^^^^^^^^^^^^^^^^^ the trait `AppDataResponse` is not implemented for `ClientResponse`
[INFO] [stdout]    | 
[INFO] [stdout]   ::: /opt/rustwide/workdir/src/raft.rs:34:32
[INFO] [stdout]    |
[INFO] [stdout] 34 | pub struct Raft<D: AppData, R: AppDataResponse, N: RaftNetwork<D>, S: RaftStorage<D, R>> {
[INFO] [stdout]    |                                --------------- required by this bound in `Raft`
[INFO] [stdout] 
[INFO] [stdout] 
[INFO] [stdout] error[E0277]: the trait bound `ClientRequest: AppData` is not satisfied
[INFO] [stdout]   --> tests/fixtures/mod.rs:44:20
[INFO] [stdout]    |
[INFO] [stdout] 44 |     routing_table: RwLock<BTreeMap<NodeId, (MemRaft, Arc<MemStore>)>>,
[INFO] [stdout]    |                    ^^^^^^^^^^^^^^^^^^^^^^^^^^^^^^^^^^^^^^^^^^^^^^^^^^ the trait `AppData` is not implemented for `ClientRequest`
[INFO] [stdout]    | 
[INFO] [stdout]   ::: /opt/rustwide/workdir/src/raft.rs:34:20
[INFO] [stdout]    |
[INFO] [stdout] 34 | pub struct Raft<D: AppData, R: AppDataResponse, N: RaftNetwork<D>, S: RaftStorage<D, R>> {
[INFO] [stdout]    |                    ------- required by this bound in `Raft`
[INFO] [stdout] 
[INFO] [stdout] 
[INFO] [stdout] error[E0277]: the trait bound `ClientRequest: AppData` is not satisfied
[INFO] [stdout]    --> tests/fixtures/mod.rs:263:6
[INFO] [stdout]     |
[INFO] [stdout] 263 | impl RaftNetwork<MemClientRequest> for RaftRouter {
[INFO] [stdout]     |      ^^^^^^^^^^^^^^^^^^^^^^^^^^^^^ the trait `AppData` is not implemented for `ClientRequest`
[INFO] [stdout]     | 
[INFO] [stdout]    ::: /opt/rustwide/workdir/src/network.rs:18:12
[INFO] [stdout]     |
[INFO] [stdout] 18  |         D: AppData,
[INFO] [stdout]     |            ------- required by this bound in `async_raft::RaftNetwork`
[INFO] [stdout] 
[INFO] [stdout] 
[INFO] [stdout] error[E0277]: the trait bound `ClientRequest: AppData` is not satisfied
[INFO] [stdout]   --> tests/fixtures/mod.rs:44:20
[INFO] [stdout]    |
[INFO] [stdout] 44 |     routing_table: RwLock<BTreeMap<NodeId, (MemRaft, Arc<MemStore>)>>,
[INFO] [stdout]    |                    ^^^^^^^^^^^^^^^^^^^^^^^^^^^^^^^^^^^^^^^^^^^^^^^^^^ the trait `AppData` is not implemented for `ClientRequest`
[INFO] [stdout]    | 
[INFO] [stdout]   ::: /opt/rustwide/workdir/src/raft.rs:34:20
[INFO] [stdout]    |
[INFO] [stdout] 34 | pub struct Raft<D: AppData, R: AppDataResponse, N: RaftNetwork<D>, S: RaftStorage<D, R>> {
[INFO] [stdout]    |                    ------- required by this bound in `Raft`
[INFO] [stdout] 
[INFO] [stdout] 
[INFO] [stdout] error[E0277]: the trait bound `ClientResponse: AppDataResponse` is not satisfied
[INFO] [stdout]   --> tests/fixtures/mod.rs:44:20
[INFO] [stdout]    |
[INFO] [stdout] 44 |     routing_table: RwLock<BTreeMap<NodeId, (MemRaft, Arc<MemStore>)>>,
[INFO] [stdout]    |                    ^^^^^^^^^^^^^^^^^^^^^^^^^^^^^^^^^^^^^^^^^^^^^^^^^^ the trait `AppDataResponse` is not implemented for `ClientResponse`
[INFO] [stdout]    | 
[INFO] [stdout]   ::: /opt/rustwide/workdir/src/raft.rs:34:32
[INFO] [stdout]    |
[INFO] [stdout] 34 | pub struct Raft<D: AppData, R: AppDataResponse, N: RaftNetwork<D>, S: RaftStorage<D, R>> {
[INFO] [stdout]    |                                --------------- required by this bound in `Raft`
[INFO] [stdout] 
[INFO] [stdout] 
[INFO] [stdout] error[E0277]: the trait bound `MemStore: async_raft::RaftStorage<ClientRequest, ClientResponse>` is not satisfied
[INFO] [stdout]   --> tests/fixtures/mod.rs:44:20
[INFO] [stdout]    |
[INFO] [stdout] 44 |     routing_table: RwLock<BTreeMap<NodeId, (MemRaft, Arc<MemStore>)>>,
[INFO] [stdout]    |                    ^^^^^^^^^^^^^^^^^^^^^^^^^^^^^^^^^^^^^^^^^^^^^^^^^^ the trait `async_raft::RaftStorage<ClientRequest, ClientResponse>` is not implemented for `MemStore`
[INFO] [stdout]    | 
[INFO] [stdout]   ::: /opt/rustwide/workdir/src/raft.rs:34:71
[INFO] [stdout]    |
[INFO] [stdout] 34 | pub struct Raft<D: AppData, R: AppDataResponse, N: RaftNetwork<D>, S: RaftStorage<D, R>> {
[INFO] [stdout]    |                                                                       ----------------- required by this bound in `Raft`
[INFO] [stdout] 
[INFO] [stdout] 
[INFO] [stdout] error[E0277]: the trait bound `MemStore: async_raft::RaftStorage<ClientRequest, ClientResponse>` is not satisfied
[INFO] [stdout]   --> tests/fixtures/mod.rs:44:20
[INFO] [stdout]    |
[INFO] [stdout] 44 |     routing_table: RwLock<BTreeMap<NodeId, (MemRaft, Arc<MemStore>)>>,
[INFO] [stdout]    |                    ^^^^^^^^^^^^^^^^^^^^^^^^^^^^^^^^^^^^^^^^^^^^^^^^^^ the trait `async_raft::RaftStorage<ClientRequest, ClientResponse>` is not implemented for `MemStore`
[INFO] [stdout]    | 
[INFO] [stdout]   ::: /opt/rustwide/workdir/src/raft.rs:34:71
[INFO] [stdout]    |
[INFO] [stdout] 34 | pub struct Raft<D: AppData, R: AppDataResponse, N: RaftNetwork<D>, S: RaftStorage<D, R>> {
[INFO] [stdout]    |                                                                       ----------------- required by this bound in `Raft`
[INFO] [stdout] 
[INFO] [stdout] 
[INFO] [stdout] error[E0277]: the trait bound `ClientRequest: AppData` is not satisfied
[INFO] [stdout]    --> tests/fixtures/mod.rs:265:54
[INFO] [stdout]     |
[INFO] [stdout] 265 |     async fn append_entries(&self, target: u64, rpc: AppendEntriesRequest<MemClientRequest>) -> Result<AppendEntriesResponse> {
[INFO] [stdout]     |                                                      ^^^^^^^^^^^^^^^^^^^^^^^^^^^^^^^^^^^^^^ the trait `AppData` is not implemented for `ClientRequest`
[INFO] [stdout]     | 
[INFO] [stdout]    ::: /opt/rustwide/workdir/src/raft.rs:272:36
[INFO] [stdout]     |
[INFO] [stdout] 272 | pub struct AppendEntriesRequest<D: AppData> {
[INFO] [stdout]     |                                    ------- required by this bound in `AppendEntriesRequest`
[INFO] [stdout] 
[INFO] [stdout] 
[INFO] [stdout] error[E0277]: the trait bound `ClientRequest: AppData` is not satisfied
[INFO] [stdout]    --> tests/fixtures/mod.rs:263:6
[INFO] [stdout]     |
[INFO] [stdout] 263 | impl RaftNetwork<MemClientRequest> for RaftRouter {
[INFO] [stdout]     |      ^^^^^^^^^^^^^^^^^^^^^^^^^^^^^ the trait `AppData` is not implemented for `ClientRequest`
[INFO] [stdout]     | 
[INFO] [stdout]    ::: /opt/rustwide/workdir/src/network.rs:18:12
[INFO] [stdout]     |
[INFO] [stdout] 18  |         D: AppData,
[INFO] [stdout]     |            ------- required by this bound in `async_raft::RaftNetwork`
[INFO] [stdout] 
[INFO] [stdout] 
[INFO] [stdout] error[E0277]: the trait bound `ClientRequest: AppData` is not satisfied
[INFO] [stdout]    --> tests/fixtures/mod.rs:265:54
[INFO] [stdout]     |
[INFO] [stdout] 265 |     async fn append_entries(&self, target: u64, rpc: AppendEntriesRequest<MemClientRequest>) -> Result<AppendEntriesResponse> {
[INFO] [stdout]     |                                                      ^^^^^^^^^^^^^^^^^^^^^^^^^^^^^^^^^^^^^^ the trait `AppData` is not implemented for `ClientRequest`
[INFO] [stdout]     | 
[INFO] [stdout]    ::: /opt/rustwide/workdir/src/raft.rs:272:36
[INFO] [stdout]     |
[INFO] [stdout] 272 | pub struct AppendEntriesRequest<D: AppData> {
[INFO] [stdout]     |                                    ------- required by this bound in `AppendEntriesRequest`
[INFO] [stdout] 
[INFO] [stdout] 
[INFO] [stdout] error[E0277]: the trait bound `ClientResponse: AppDataResponse` is not satisfied
[INFO] [stdout]   --> tests/fixtures/mod.rs:44:20
[INFO] [stdout]    |
[INFO] [stdout] 44 |     routing_table: RwLock<BTreeMap<NodeId, (MemRaft, Arc<MemStore>)>>,
[INFO] [stdout]    |                    ^^^^^^^^^^^^^^^^^^^^^^^^^^^^^^^^^^^^^^^^^^^^^^^^^^ the trait `AppDataResponse` is not implemented for `ClientResponse`
[INFO] [stdout]    | 
[INFO] [stdout]   ::: /opt/rustwide/workdir/src/raft.rs:34:32
[INFO] [stdout]    |
[INFO] [stdout] 34 | pub struct Raft<D: AppData, R: AppDataResponse, N: RaftNetwork<D>, S: RaftStorage<D, R>> {
[INFO] [stdout]    |                                --------------- required by this bound in `Raft`
[INFO] [stdout] 
[INFO] [stdout] 
[INFO] [stdout] error: aborting due to 5 previous errors
[INFO] [stdout] 
[INFO] [stdout] 
[INFO] [stdout] For more information about this error, try `rustc --explain E0277`.
[INFO] [stdout] 
[INFO] [stdout] error[E0277]: the trait bound `ClientResponse: AppDataResponse` is not satisfied
[INFO] [stdout]   --> tests/fixtures/mod.rs:44:20
[INFO] [stdout]    |
[INFO] [stdout] 44 |     routing_table: RwLock<BTreeMap<NodeId, (MemRaft, Arc<MemStore>)>>,
[INFO] [stdout]    |                    ^^^^^^^^^^^^^^^^^^^^^^^^^^^^^^^^^^^^^^^^^^^^^^^^^^ the trait `AppDataResponse` is not implemented for `ClientResponse`
[INFO] [stdout]    | 
[INFO] [stdout]   ::: /opt/rustwide/workdir/src/raft.rs:34:32
[INFO] [stdout]    |
[INFO] [stdout] 34 | pub struct Raft<D: AppData, R: AppDataResponse, N: RaftNetwork<D>, S: RaftStorage<D, R>> {
[INFO] [stdout]    |                                --------------- required by this bound in `Raft`
[INFO] [stdout] 
[INFO] [stdout] 
[INFO] [stdout] error[E0277]: the trait bound `MemStore: async_raft::RaftStorage<ClientRequest, ClientResponse>` is not satisfied
[INFO] [stdout]   --> tests/fixtures/mod.rs:44:20
[INFO] [stdout]    |
[INFO] [stdout] 44 |     routing_table: RwLock<BTreeMap<NodeId, (MemRaft, Arc<MemStore>)>>,
[INFO] [stdout]    |                    ^^^^^^^^^^^^^^^^^^^^^^^^^^^^^^^^^^^^^^^^^^^^^^^^^^ the trait `async_raft::RaftStorage<ClientRequest, ClientResponse>` is not implemented for `MemStore`
[INFO] [stdout]    | 
[INFO] [stdout]   ::: /opt/rustwide/workdir/src/raft.rs:34:71
[INFO] [stdout]    |
[INFO] [stdout] 34 | pub struct Raft<D: AppData, R: AppDataResponse, N: RaftNetwork<D>, S: RaftStorage<D, R>> {
[INFO] [stdout]    |                                                                       ----------------- required by this bound in `Raft`
[INFO] [stdout] 
[INFO] [stdout] 
[INFO] [stdout] error[E0277]: the trait bound `MemStore: async_raft::RaftStorage<ClientRequest, ClientResponse>` is not satisfied
[INFO] [stdout]   --> tests/fixtures/mod.rs:44:20
[INFO] [stdout]    |
[INFO] [stdout] 44 |     routing_table: RwLock<BTreeMap<NodeId, (MemRaft, Arc<MemStore>)>>,
[INFO] [stdout]    |                    ^^^^^^^^^^^^^^^^^^^^^^^^^^^^^^^^^^^^^^^^^^^^^^^^^^ the trait `async_raft::RaftStorage<ClientRequest, ClientResponse>` is not implemented for `MemStore`
[INFO] [stdout]    | 
[INFO] [stdout]   ::: /opt/rustwide/workdir/src/raft.rs:34:71
[INFO] [stdout]    |
[INFO] [stdout] 34 | pub struct Raft<D: AppData, R: AppDataResponse, N: RaftNetwork<D>, S: RaftStorage<D, R>> {
[INFO] [stdout]    |                                                                       ----------------- required by this bound in `Raft`
[INFO] [stdout] 
[INFO] [stdout] 
[INFO] [stdout] error: aborting due to 5 previous errors
[INFO] [stdout] 
[INFO] [stdout] 
[INFO] [stdout] For more information about this error, try `rustc --explain E0277`.
[INFO] [stdout] 
[INFO] [stdout] error[E0277]: the trait bound `ClientRequest: AppData` is not satisfied
[INFO] [stdout]   --> tests/fixtures/mod.rs:44:20
[INFO] [stdout]    |
[INFO] [stdout] 44 |     routing_table: RwLock<BTreeMap<NodeId, (MemRaft, Arc<MemStore>)>>,
[INFO] [stdout]    |                    ^^^^^^^^^^^^^^^^^^^^^^^^^^^^^^^^^^^^^^^^^^^^^^^^^^ the trait `AppData` is not implemented for `ClientRequest`
[INFO] [stdout]    | 
[INFO] [stdout]   ::: /opt/rustwide/workdir/src/raft.rs:34:20
[INFO] [stdout]    |
[INFO] [stdout] 34 | pub struct Raft<D: AppData, R: AppDataResponse, N: RaftNetwork<D>, S: RaftStorage<D, R>> {
[INFO] [stdout]    |                    ------- required by this bound in `Raft`
[INFO] [stdout] 
[INFO] [stdout] 
[INFO] [stderr] error: could not compile `async-raft`.
[INFO] [stderr] 
[INFO] [stderr] To learn more, run the command again with --verbose.
[INFO] [stderr] warning: build failed, waiting for other jobs to finish...
[INFO] [stdout] error[E0277]: the trait bound `ClientRequest: AppData` is not satisfied
[INFO] [stdout]    --> tests/fixtures/mod.rs:263:6
[INFO] [stdout]     |
[INFO] [stdout] 263 | impl RaftNetwork<MemClientRequest> for RaftRouter {
[INFO] [stdout]     |      ^^^^^^^^^^^^^^^^^^^^^^^^^^^^^ the trait `AppData` is not implemented for `ClientRequest`
[INFO] [stdout]     | 
[INFO] [stdout]    ::: /opt/rustwide/workdir/src/network.rs:18:12
[INFO] [stdout]     |
[INFO] [stdout] 18  |         D: AppData,
[INFO] [stdout]     |            ------- required by this bound in `async_raft::RaftNetwork`
[INFO] [stdout] 
[INFO] [stdout] 
[INFO] [stdout] error[E0277]: the trait bound `ClientRequest: AppData` is not satisfied
[INFO] [stdout]    --> tests/fixtures/mod.rs:265:54
[INFO] [stdout]     |
[INFO] [stdout] 265 |     async fn append_entries(&self, target: u64, rpc: AppendEntriesRequest<MemClientRequest>) -> Result<AppendEntriesResponse> {
[INFO] [stdout]     |                                                      ^^^^^^^^^^^^^^^^^^^^^^^^^^^^^^^^^^^^^^ the trait `AppData` is not implemented for `ClientRequest`
[INFO] [stdout]     | 
[INFO] [stdout]    ::: /opt/rustwide/workdir/src/raft.rs:272:36
[INFO] [stdout]     |
[INFO] [stdout] 272 | pub struct AppendEntriesRequest<D: AppData> {
[INFO] [stdout]     |                                    ------- required by this bound in `AppendEntriesRequest`
[INFO] [stdout] 
[INFO] [stdout] 
[INFO] [stdout] error[E0277]: the trait bound `ClientRequest: AppData` is not satisfied
[INFO] [stdout]   --> tests/fixtures/mod.rs:44:20
[INFO] [stdout]    |
[INFO] [stdout] 44 |     routing_table: RwLock<BTreeMap<NodeId, (MemRaft, Arc<MemStore>)>>,
[INFO] [stdout]    |                    ^^^^^^^^^^^^^^^^^^^^^^^^^^^^^^^^^^^^^^^^^^^^^^^^^^ the trait `AppData` is not implemented for `ClientRequest`
[INFO] [stdout]    | 
[INFO] [stdout]   ::: /opt/rustwide/workdir/src/raft.rs:34:20
[INFO] [stdout]    |
[INFO] [stdout] 34 | pub struct Raft<D: AppData, R: AppDataResponse, N: RaftNetwork<D>, S: RaftStorage<D, R>> {
[INFO] [stdout]    |                    ------- required by this bound in `Raft`
[INFO] [stdout] 
[INFO] [stdout] 
[INFO] [stdout] error[E0277]: the trait bound `ClientRequest: AppData` is not satisfied
[INFO] [stdout]    --> tests/fixtures/mod.rs:263:6
[INFO] [stdout]     |
[INFO] [stdout] 263 | impl RaftNetwork<MemClientRequest> for RaftRouter {
[INFO] [stdout]     |      ^^^^^^^^^^^^^^^^^^^^^^^^^^^^^ the trait `AppData` is not implemented for `ClientRequest`
[INFO] [stdout]     | 
[INFO] [stdout]    ::: /opt/rustwide/workdir/src/network.rs:18:12
[INFO] [stdout]     |
[INFO] [stdout] 18  |         D: AppData,
[INFO] [stdout]     |            ------- required by this bound in `async_raft::RaftNetwork`
[INFO] [stdout] 
[INFO] [stdout] 
[INFO] [stdout] error[E0277]: the trait bound `ClientRequest: AppData` is not satisfied
[INFO] [stdout]    --> tests/fixtures/mod.rs:265:54
[INFO] [stdout]     |
[INFO] [stdout] 265 |     async fn append_entries(&self, target: u64, rpc: AppendEntriesRequest<MemClientRequest>) -> Result<AppendEntriesResponse> {
[INFO] [stdout]     |                                                      ^^^^^^^^^^^^^^^^^^^^^^^^^^^^^^^^^^^^^^ the trait `AppData` is not implemented for `ClientRequest`
[INFO] [stdout]     | 
[INFO] [stdout]    ::: /opt/rustwide/workdir/src/raft.rs:272:36
[INFO] [stdout]     |
[INFO] [stdout] 272 | pub struct AppendEntriesRequest<D: AppData> {
[INFO] [stdout]     |                                    ------- required by this bound in `AppendEntriesRequest`
[INFO] [stdout] 
[INFO] [stdout] 
[INFO] [stdout] error[E0277]: the trait bound `ClientResponse: AppDataResponse` is not satisfied
[INFO] [stdout]   --> tests/fixtures/mod.rs:44:20
[INFO] [stdout]    |
[INFO] [stdout] 44 |     routing_table: RwLock<BTreeMap<NodeId, (MemRaft, Arc<MemStore>)>>,
[INFO] [stdout]    |                    ^^^^^^^^^^^^^^^^^^^^^^^^^^^^^^^^^^^^^^^^^^^^^^^^^^ the trait `AppDataResponse` is not implemented for `ClientResponse`
[INFO] [stdout]    | 
[INFO] [stdout]   ::: /opt/rustwide/workdir/src/raft.rs:34:32
[INFO] [stdout]    |
[INFO] [stdout] 34 | pub struct Raft<D: AppData, R: AppDataResponse, N: RaftNetwork<D>, S: RaftStorage<D, R>> {
[INFO] [stdout]    |                                --------------- required by this bound in `Raft`
[INFO] [stdout] 
[INFO] [stdout] 
[INFO] [stdout] error[E0277]: the trait bound `ClientResponse: AppDataResponse` is not satisfied
[INFO] [stdout]   --> tests/fixtures/mod.rs:44:20
[INFO] [stdout]    |
[INFO] [stdout] 44 |     routing_table: RwLock<BTreeMap<NodeId, (MemRaft, Arc<MemStore>)>>,
[INFO] [stdout]    |                    ^^^^^^^^^^^^^^^^^^^^^^^^^^^^^^^^^^^^^^^^^^^^^^^^^^ the trait `AppDataResponse` is not implemented for `ClientResponse`
[INFO] [stdout]    | 
[INFO] [stdout]   ::: /opt/rustwide/workdir/src/raft.rs:34:32
[INFO] [stdout]    |
[INFO] [stdout] 34 | pub struct Raft<D: AppData, R: AppDataResponse, N: RaftNetwork<D>, S: RaftStorage<D, R>> {
[INFO] [stdout]    |                                --------------- required by this bound in `Raft`
[INFO] [stdout] 
[INFO] [stdout] 
[INFO] [stdout] error[E0277]: the trait bound `MemStore: async_raft::RaftStorage<ClientRequest, ClientResponse>` is not satisfied
[INFO] [stdout]   --> tests/fixtures/mod.rs:44:20
[INFO] [stdout]    |
[INFO] [stdout] 44 |     routing_table: RwLock<BTreeMap<NodeId, (MemRaft, Arc<MemStore>)>>,
[INFO] [stdout]    |                    ^^^^^^^^^^^^^^^^^^^^^^^^^^^^^^^^^^^^^^^^^^^^^^^^^^ the trait `async_raft::RaftStorage<ClientRequest, ClientResponse>` is not implemented for `MemStore`
[INFO] [stdout]    | 
[INFO] [stdout]   ::: /opt/rustwide/workdir/src/raft.rs:34:71
[INFO] [stdout]    |
[INFO] [stdout] 34 | pub struct Raft<D: AppData, R: AppDataResponse, N: RaftNetwork<D>, S: RaftStorage<D, R>> {
[INFO] [stdout]    |                                                                       ----------------- required by this bound in `Raft`
[INFO] [stdout] 
[INFO] [stdout] 
[INFO] [stdout] error[E0277]: the trait bound `MemStore: async_raft::RaftStorage<ClientRequest, ClientResponse>` is not satisfied
[INFO] [stdout]   --> tests/fixtures/mod.rs:44:20
[INFO] [stdout]    |
[INFO] [stdout] 44 |     routing_table: RwLock<BTreeMap<NodeId, (MemRaft, Arc<MemStore>)>>,
[INFO] [stdout]    |                    ^^^^^^^^^^^^^^^^^^^^^^^^^^^^^^^^^^^^^^^^^^^^^^^^^^ the trait `async_raft::RaftStorage<ClientRequest, ClientResponse>` is not implemented for `MemStore`
[INFO] [stdout]    | 
[INFO] [stdout]   ::: /opt/rustwide/workdir/src/raft.rs:34:71
[INFO] [stdout]    |
[INFO] [stdout] 34 | pub struct Raft<D: AppData, R: AppDataResponse, N: RaftNetwork<D>, S: RaftStorage<D, R>> {
[INFO] [stdout]    |                                                                       ----------------- required by this bound in `Raft`
[INFO] [stdout] 
[INFO] [stdout] 
[INFO] [stdout] error: aborting due to 5 previous errors
[INFO] [stdout] 
[INFO] [stdout] 
[INFO] [stdout] For more information about this error, try `rustc --explain E0277`.
[INFO] [stdout] 
[INFO] [stdout] error[E0277]: the trait bound `ClientRequest: AppData` is not satisfied
[INFO] [stdout]    --> tests/fixtures/mod.rs:263:6
[INFO] [stdout]     |
[INFO] [stdout] 263 | impl RaftNetwork<MemClientRequest> for RaftRouter {
[INFO] [stdout]     |      ^^^^^^^^^^^^^^^^^^^^^^^^^^^^^ the trait `AppData` is not implemented for `ClientRequest`
[INFO] [stdout]     | 
[INFO] [stdout]    ::: /opt/rustwide/workdir/src/network.rs:18:12
[INFO] [stdout]     |
[INFO] [stdout] 18  |         D: AppData,
[INFO] [stdout]     |            ------- required by this bound in `async_raft::RaftNetwork`
[INFO] [stdout] 
[INFO] [stdout] 
[INFO] [stdout] error[E0277]: the trait bound `ClientRequest: AppData` is not satisfied
[INFO] [stdout]    --> tests/fixtures/mod.rs:265:54
[INFO] [stdout]     |
[INFO] [stdout] 265 |     async fn append_entries(&self, target: u64, rpc: AppendEntriesRequest<MemClientRequest>) -> Result<AppendEntriesResponse> {
[INFO] [stdout]     |                                                      ^^^^^^^^^^^^^^^^^^^^^^^^^^^^^^^^^^^^^^ the trait `AppData` is not implemented for `ClientRequest`
[INFO] [stdout]     | 
[INFO] [stdout]    ::: /opt/rustwide/workdir/src/raft.rs:272:36
[INFO] [stdout]     |
[INFO] [stdout] 272 | pub struct AppendEntriesRequest<D: AppData> {
[INFO] [stdout]     |                                    ------- required by this bound in `AppendEntriesRequest`
[INFO] [stdout] 
[INFO] [stdout] 
[INFO] [stdout] error: aborting due to 5 previous errors
[INFO] [stdout] 
[INFO] [stdout] 
[INFO] [stdout] For more information about this error, try `rustc --explain E0277`.
[INFO] [stdout] 
[INFO] [stdout] error[E0277]: the trait bound `ClientRequest: AppData` is not satisfied
[INFO] [stdout]    --> tests/fixtures/mod.rs:263:6
[INFO] [stdout]     |
[INFO] [stdout] 263 | impl RaftNetwork<MemClientRequest> for RaftRouter {
[INFO] [stdout]     |      ^^^^^^^^^^^^^^^^^^^^^^^^^^^^^ the trait `AppData` is not implemented for `ClientRequest`
[INFO] [stdout]     | 
[INFO] [stdout]    ::: /opt/rustwide/workdir/src/network.rs:18:12
[INFO] [stdout]     |
[INFO] [stdout] 18  |         D: AppData,
[INFO] [stdout]     |            ------- required by this bound in `async_raft::RaftNetwork`
[INFO] [stdout] 
[INFO] [stdout] 
[INFO] [stdout] error[E0277]: the trait bound `ClientRequest: AppData` is not satisfied
[INFO] [stdout]    --> tests/fixtures/mod.rs:265:54
[INFO] [stdout]     |
[INFO] [stdout] 265 |     async fn append_entries(&self, target: u64, rpc: AppendEntriesRequest<MemClientRequest>) -> Result<AppendEntriesResponse> {
[INFO] [stdout]     |                                                      ^^^^^^^^^^^^^^^^^^^^^^^^^^^^^^^^^^^^^^ the trait `AppData` is not implemented for `ClientRequest`
[INFO] [stdout]     | 
[INFO] [stdout]    ::: /opt/rustwide/workdir/src/raft.rs:272:36
[INFO] [stdout]     |
[INFO] [stdout] 272 | pub struct AppendEntriesRequest<D: AppData> {
[INFO] [stdout]     |                                    ------- required by this bound in `AppendEntriesRequest`
[INFO] [stdout] 
[INFO] [stdout] 
[INFO] [stdout] error[E0277]: the trait bound `ClientRequest: AppData` is not satisfied
[INFO] [stdout]    --> tests/fixtures/mod.rs:263:6
[INFO] [stdout]     |
[INFO] [stdout] 263 | impl RaftNetwork<MemClientRequest> for RaftRouter {
[INFO] [stdout]     |      ^^^^^^^^^^^^^^^^^^^^^^^^^^^^^ the trait `AppData` is not implemented for `ClientRequest`
[INFO] [stdout]     | 
[INFO] [stdout]    ::: /opt/rustwide/workdir/src/network.rs:18:12
[INFO] [stdout]     |
[INFO] [stdout] 18  |         D: AppData,
[INFO] [stdout]     |            ------- required by this bound in `async_raft::RaftNetwork`
[INFO] [stdout] 
[INFO] [stdout] 
[INFO] [stdout] error: aborting due to 5 previous errors
[INFO] [stdout] 
[INFO] [stdout] 
[INFO] [stdout] For more information about this error, try `rustc --explain E0277`.
[INFO] [stdout] 
[INFO] [stdout] error[E0277]: the trait bound `ClientRequest: AppData` is not satisfied
[INFO] [stdout]    --> tests/fixtures/mod.rs:265:54
[INFO] [stdout]     |
[INFO] [stdout] 265 |     async fn append_entries(&self, target: u64, rpc: AppendEntriesRequest<MemClientRequest>) -> Result<AppendEntriesResponse> {
[INFO] [stdout]     |                                                      ^^^^^^^^^^^^^^^^^^^^^^^^^^^^^^^^^^^^^^ the trait `AppData` is not implemented for `ClientRequest`
[INFO] [stdout]     | 
[INFO] [stdout]    ::: /opt/rustwide/workdir/src/raft.rs:272:36
[INFO] [stdout]     |
[INFO] [stdout] 272 | pub struct AppendEntriesRequest<D: AppData> {
[INFO] [stdout]     |                                    ------- required by this bound in `AppendEntriesRequest`
[INFO] [stdout] 
[INFO] [stdout] 
[INFO] [stdout] error: aborting due to 5 previous errors
[INFO] [stdout] 
[INFO] [stdout] 
[INFO] [stdout] For more information about this error, try `rustc --explain E0277`.
[INFO] [stdout] 
[INFO] [stdout] error: aborting due to 5 previous errors
[INFO] [stdout] 
[INFO] [stdout] 
[INFO] [stdout] For more information about this error, try `rustc --explain E0277`.
[INFO] [stdout] 
[INFO] [stderr] error: build failed
[INFO] running `Command { std: "docker" "inspect" "7cd2578e8dea07a9fdf575097bd53c4ac2132ddd48828f7d5437f9886eb851ec", kill_on_drop: false }`
[INFO] running `Command { std: "docker" "rm" "-f" "7cd2578e8dea07a9fdf575097bd53c4ac2132ddd48828f7d5437f9886eb851ec", kill_on_drop: false }`
[INFO] [stdout] 7cd2578e8dea07a9fdf575097bd53c4ac2132ddd48828f7d5437f9886eb851ec
